the remainder when 358 is divided by 31.
17
What is the remainder when 93 is divided by 24?
21
What is the remainder when 12299 is divided by 75?
74
What is the remainder when 1262 is divided by 8?
6
What is the remainder when 268 is divided by 242?
26
What is the remainder when 5633 is divided by 9?
8
What is the remainder when 24 is divided by 9?
6
Calculate the remainder when 2617 is divided by 9.
7
Calculate the remainder when 7591 is divided by 26.
25
Calculate the remainder when 1860 is divided by 23.
20
What is the remainder when 1408 is divided by 236?
228
Calculate the remainder when 180 is divided by 71.
38
Calculate the remainder when 168 is divided by 59.
50
Calculate the remainder when 166 is divided by 57.
52
What is the remainder when 32147 is divided by 188?
187
Calculate the remainder when 13173 is divided by 155.
153
What is the remainder when 4448 is divided by 84?
80
What is the remainder when 694 is divided by 87?
85
Calculate the remainder when 269 is divided by 70.
59
What is the remainder when 157 is divided by 50?
7
Calculate the remainder when 11307 is divided by 43.
41
Calculate the remainder when 1078 is divided by 179.
4
Calculate the remainder when 924 is divided by 25.
24
Calculate the remainder when 6269 is divided by 57.
56
Calculate the remainder when 211 is divided by 44.
35
Calculate the remainder when 1725 is divided by 374.
229
What is the remainder when 287 is divided by 43?
29
Calculate the remainder when 161 is divided by 76.
9
Calculate the remainder when 2624 is divided by 13.
11
What is the remainder when 121 is divided by 34?
19
What is the remainder when 97 is divided by 34?
29
What is the remainder when 267 is divided by 21?
15
Calculate the remainder when 599 is divided by 53.
16
Calculate the remainder when 150 is divided by 55.
40
Calculate the remainder when 27 is divided by 14.
13
Calculate the remainder when 1784 is divided by 7.
6
What is the remainder when 14 is divided by 1?
0
What is the remainder when 363 is divided by 52?
51
Calculate the remainder when 127 is divided by 32.
31
What is the remainder when 217 is divided by 7?
0
Calculate the remainder when 415 is divided by 38.
35
Calculate the remainder when 89 is divided by 15.
14
What is the remainder when 2111 is divided by 48?
47
Calculate the remainder when 3500 is divided by 207.
188
Calculate the remainder when 249 is divided by 21.
18
What is the remainder when 3217 is divided by 129?
121
Calculate the remainder when 876 is divided by 229.
189
What is the remainder when 2235 is divided by 149?
0
Calculate the remainder when 138 is divided by 71.
67
Calculate the remainder when 17109 is divided by 248.
245
Calculate the remainder when 740 is divided by 149.
144
Calculate the remainder when 368 is divided by 75.
68
What is the remainder when 249 is divided by 14?
11
Calculate the remainder when 989 is divided by 90.
89
What is the remainder when 43 is divided by 8?
3
What is the remainder when 505 is divided by 22?
21
What is the remainder when 446 is divided by 14?
12
Calculate the remainder when 2045 is divided by 681.
2
Calculate the remainder when 26 is divided by 8.
2
Calculate the remainder when 989 is divided by 236.
45
What is the remainder when 94 is divided by 12?
10
What is the remainder when 1810 is divided by 101?
93
Calculate the remainder when 7041 is divided by 26.
21
Calculate the remainder when 147 is divided by 47.
6
What is the remainder when 2356 is divided by 8?
4
Calculate the remainder when 107 is divided by 43.
21
What is the remainder when 324 is divided by 163?
161
What is the remainder when 109 is divided by 39?
31
What is the remainder when 70 is divided by 3?
1
Calculate the remainder when 206 is divided by 98.
10
Calculate the remainder when 109 is divided by 60.
49
What is the remainder when 1233 is divided by 408?
9
Calculate the remainder when 3078 is divided by 341.
9
What is the remainder when 5 is divided by 5?
0
What is the remainder when 194 is divided by 4?
2
Calculate the remainder when 198 is divided by 127.
71
Calculate the remainder when 283 is divided by 27.
13
What is the remainder when 131 is divided by 4?
3
Calculate the remainder when 142 is divided by 22.
10
Calculate the remainder when 79 is divided by 46.
33
What is the remainder when 731 is divided by 15?
11
Calculate the remainder when 525 is divided by 172.
9
What is the remainder when 312 is divided by 15?
12
Calculate the remainder when 158 is divided by 101.
57
What is the remainder when 62 is divided by 23?
16
Calculate the remainder when 46 is divided by 12.
10
Calculate the remainder when 300 is divided by 43.
42
What is the remainder when 330 is divided by 42?
36
Calculate the remainder when 58 is divided by 5.
3
What is the remainder when 115 is divided by 38?
1
What is the remainder when 2071 is divided by 103?
11
What is the remainder when 2617 is divided by 22?
21
What is the remainder when 145 is divided by 91?
54
Calculate the remainder when 2300 is divided by 36.
32
What is the remainder when 50 is divided by 4?
2
What is the remainder when 318 is divided by 17?
12
Calculate the remainder when 91 is divided by 29.
4
Calculate the remainder when 75 is divided by 15.
0
What is the remainder when 474 is divided by 116?
10
Calculate the remainder when 8518 is divided by 42.
34
What is the remainder when 12 is divided by 5?
2
Calculate the remainder when 2341 is divided by 33.
31
Calculate the remainder when 529 is divided by 101.
24
Calculate the remainder when 91 is divided by 12.
7
Calculate the remainder when 100 is divided by 38.
24
Calculate the remainder when 97 is divided by 28.
13
What is the remainder when 1800 is divided by 257?
1
Calculate the remainder when 3628 is divided by 22.
20
Calculate the remainder when 220 is divided by 69.
13
What is the remainder when 127 is divided by 30?
7
Calculate the remainder when 5450 is divided by 1361.
6
Calculate the remainder when 74 is divided by 7.
4
What is the remainder when 87 is divided by 8?
7
What is the remainder when 2851 is divided by 63?
16
Calculate the remainder when 101 is divided by 34.
33
What is the remainder when 741 is divided by 24?
21
What is the remainder when 211 is divided by 38?
21
What is the remainder when 2199 is divided by 110?
109
What is the remainder when 235 is divided by 103?
29
What is the remainder when 256 is divided by 26?
22
Calculate the remainder when 143 is divided by 21.
17
Calculate the remainder when 191 is divided by 13.
9
Calculate the remainder when 274 is divided by 93.
88
Calculate the remainder when 2431 is divided by 16.
15
What is the remainder when 404 is divided by 148?
108
What is the remainder when 1385 is divided by 14?
13
Calculate the remainder when 343 is divided by 113.
4
What is the remainder when 2047 is divided by 82?
79
What is the remainder when 577 is divided by 15?
7
What is the remainder when 1207 is divided by 110?
107
Calculate the remainder when 67 is divided by 17.
16
What is the remainder when 487 is divided by 6?
1
What is the remainder when 149 is divided by 80?
69
Calculate the remainder when 830 is divided by 405.
20
Calculate the remainder when 251 is divided by 146.
105
What is the remainder when 975 is divided by 51?
6
What is the remainder when 1735 is divided by 59?
24
Calculate the remainder when 902 is divided by 221.
18
Calculate the remainder when 137 is divided by 70.
67
Calculate the remainder when 135 is divided by 65.
5
Calculate the remainder when 1051 is divided by 130.
11
Calculate the remainder when 285 is divided by 77.
54
Calculate the remainder when 4750 is divided by 198.
196
Calculate the remainder when 125 is divided by 8.
5
What is the remainder when 93 is divided by 14?
9
Calculate the remainder when 185 is divided by 31.
30
Calculate the remainder when 350 is divided by 13.
12
Calculate the remainder when 218 is divided by 114.
104
What is the remainder when 551 is divided by 179?
14
Calculate the remainder when 8748 is divided by 25.
23
Calculate the remainder when 1733 is divided by 188.
41
Calculate the remainder when 328 is divided by 15.
13
Calculate the remainder when 11929 is divided by 41.
39
What is the remainder when 402 is divided by 52?
38
Calcu